5*i = 2*x + f, 2*i - 5*i + 3*x = -36. List the prime factors of i.
11
Let k = -16 + 7. Let h(x) = x**3 + 10*x**2 + 9*x + 6. Let p be h(k). List the prime factors of 4/p - (-75)/9.
3
Suppose 2*z - y - 9 = 0, -6*z = -z - 5*y - 35. Let b = -4 + 8. Suppose -4*g = b*l - 48, z*l + 4 = 4*g + g. What are the prime factors of l?
2
Suppose 59*w = 64*w - 1125. List the prime factors of w.
3, 5
Let c = -118 + 248. Suppose 3*v - c = -2*v + 2*r, -5*r - 25 = 0. List the prime factors of v.
2, 3
Let z(l) = 8 - 2 - l - 1. Let a be z(7). List the prime factors of (-41)/(-4) - a/(-8).
2, 5
Let h(g) = 4*g**3 + g**2 - g + 1. Let y be h(1). Let z(w) = -3*w**3 + 5*w**3 - w - w**3 + y*w**2 + 5. What are the prime factors of z(-5)?
2, 5
Let m be (-370)/(-15) - (-2)/(-3). List the prime factors of (m/(-5))/(4/(-20)).
2, 3
Suppose j + 2*j - 3 = 0, -w + 3 = j. Let c = 12 + 5. Suppose -c = -4*a - 5*i, -a + 3*i = -w*a - 1. List the prime factors of a.
2
Let z be 242/5*(-6 + 1). Let y be 8/(-20) - z/5. Suppose 4*f = 5*k + 41 + 28, -3*f = -3*k - y. What are the prime factors of f?
11
Let n = 728 + -426. What are the prime factors of n?
2, 151
Let f(i) = 3*i**3 + i - 1. Let x be f(1). Let d = -1 + x. Suppose 16 = 4*w - d*w. What are the prime factors of w?
2
Suppose -2*j - 256 = -0*j. Let b = -87 - j. What are the prime factors of 4/(-16) - b/(-4)?
2, 5
Let z(b) = -2*b**2 - b + 3. Let c(k) = 2*k**2 - 4. Let m(y) = -3*c(y) - 4*z(y). What are the prime factors of m(-3)?
2, 3
Let q = 14 + -7. List the prime factors of q.
7
Let i be (-2)/3 - 10/3. Let n(j) = -4 + j**2 + 11 - 5 + 2*j + 1. What are the prime factors of n(i)?
11
Suppose 25 = 6*q - q - 5*n, -5*q + 27 = -4*n. Let p = q - 4. Let v = 22 - p. List the prime factors of v.
19
Let v = -118 + 173. What are the prime factors of v?
5, 11
Suppose 5*h = 2*s + 549, -h - 432 = -5*h + 4*s. Suppose -4*o + 77 + 71 = -5*y, 0 = -3*o - 3*y + h. List the prime factors of o.
37
List the prime factors of ((-2)/(16/(-36)) + -4)*386.
193
Let t(z) = -4*z + 2. Let q be t(3). Let w be 30/(-6)*(-12)/q. What are the prime factors of w/(-4)*(-80)/(-12)?
2, 5
Let w = 85 + -51. List the prime factors of w.
2, 17
Let l(b) = -b**3 + 12*b**2 - b + 9. Let w be (-118)/(-10) + 2/10. Let v be l(w). What are the prime factors of -1 - (-1 + v - 1)?
2
Let j(q) = -3*q - 29. Suppose -3*l + 4*l = -6. Let s(u) = u + 10. Let t(h) = l*j(h) - 17*s(h). What are the prime factors of t(5)?
3
Let n be ((-16)/(-20))/((-2)/35). Let t = -10 - n. List the prime factors of t.
2
Let a be (0 + -1)*(12 + -14). Let u = 1 + -1. Suppose u = -5*m - 5*o - 10, -m + 2*m + 6 = -a*o. List the prime factors of m.
2
Suppose 24*t = 25*t - 7. Suppose 3*u = -2*u. Suppose t*f - 2*f + 3 = -2*k, u = 3*k - f - 21. What are the prime factors of k?
2, 3
Let y = 76 - 44. List the prime factors of y.
2
Suppose h = n + 102, 3*n - 2*n = 3*h - 312. List the prime factors of h.
3, 5, 7
Let b(n) = n**3 + 7*n**2 - 10*n - 8. What are the prime factors of b(-8)?
2
Let v = 8 - 5. Suppose -v*k + 14 = -l, 23 = 4*k + 6*l - 3*l. What are the prime factors of k?
5
Let u = -25 - -40. Let c = u + -3. List the prime factors of c.
2, 3
Suppose -d + 0*d = 0. Let s be (-11)/(d - 1/3). Let y = s + -22. What are the prime factors of y?
11
Let j(f) = f**2 + 2*f - 6. Let s be j(8). Suppose -s = -4*k + c - 3*c, -2*k + 41 = 5*c. What are the prime factors of k?
2, 3
Let v(a) = -a**2 - 6*a. Suppose 0*x = 4*k + 4*x + 36, -12 = 4*x. Let l be v(k). List the prime factors of (0 + 2)*(1 - l).
2
Let g = 2 - 2. Suppose g = v - 3*r - 29, -2*v + r = -4*r - 53. List the prime factors of v.
2, 7
Let j = 3 + -1. Suppose 4*f + 5 - 1 = -j*o, 0 = -5*o - 3*f + 11. What are the prime factors of o?
2
Let x(j) be the first derivative of -j**2/2 + j + 3. What are the prime factors of x(-6)?
7
Let h(d) = -d**3 - 2*d**2 - d + 2. Let r be h(-2). Suppose -4*c = -r - 32. What are the prime factors of c?
3
Suppose -v + 34 = -r - r, -r = 4*v - 1. Let o(n) = -n**3 - 5*n**2 - 5*n. Let w be o(-5). Let s = r + w. List the prime factors of s.
2, 5
Let o = 117 + -83. Suppose 5*x - 40 = -5*n, 3*n - x = -6*x + 32. Suppose -n*i + 4*q - q = -o, -12 = -i - q. List the prime factors of i.
2, 5
What are the prime factors of (-2 - -1) + 7 + 34?
2, 5
Let m = 23 + -19. Suppose 10 = -2*b, -m*g + 75 = g - 3*b. List the prime factors of g.
2, 3
Suppose -5*f - 1 = 14. Let g be f + -3 + 5 - 97. What are the prime factors of (1*-1)/(7/g)?
2, 7
Suppose 2*f - 57 - 47 = 0. List the prime factors of f.
2, 13
Suppose -3*n + 65 - 1869 = -5*d, -d + n + 360 = 0. List the prime factors of d.
2, 181
Let i be ((-62)/(-6))/(10/30). Let v = 13 + i. What are the prime factors of v?
2, 11
Let c = -386 + 583. List the prime factors of c.
197
Suppose 0 = -0*a + a - 1. Let l be (-2)/a - -2*1. Suppose 20 = 5*t, -2*p + l*t = -t - 4. List the prime factors of p.
2
Let w = 14 + -11. List the prime factors of -2*w/(-12)*20.
2, 5
Suppose 4*c - 62 = 114. Let l be -2*(-2)/(4/(-10)). What are the prime factors of (c/l)/(10/(-25))?
11
Let w(o) = o**3 + 9*o**2 - 5*o + 3. List the prime factors of w(-9).
2, 3
Let f = 2 + -4. Let q be 24/14 + f/(-7). Suppose -5*l - 3*c + 47 = 0, 2*c + 3 = -q*l + 25. What are the prime factors of l?
7
Let q = 366 + -259. List the prime factors of q.
107
Let r = 25 + 10. List the prime factors of r.
5, 7
Let s = -7 + 172. List the prime factors of s.
3, 5, 11
Suppose 3*g = -4*i - 2*g + 623, 2*i - 310 = -4*g. What are the prime factors of i?
157
Let l(t) = t**3 - 9*t - 2. What are the prime factors of l(5)?
2, 3, 13
Let l(f) = f**3 - f**2 - f + 2. Let d be l(0). Suppose 0 = -w + 2*k - 9, 3*w + d*w = -3*k + 20. Let v = 10 - w. List the prime factors of v.
3
Suppose 23 = 4*b - 29. Let l = b + 4. What are the prime factors of l?
17
Suppose -6*p - 60 = -7*p. List the prime factors of p.
2, 3, 5
Let o(t) = -3*t**3 + t**2 + t. Let v be o(-1). Let h(x) be the third derivative of x**4/6 - 2*x**3/3 + 2*x**2. What are the prime factors of h(v)?
2
Let d = 2 + -14. Let h = -7 - d. Suppose 5 + h = w. List the prime factors of w.
2, 5
Let g(d) = 2*d**2 + 21*d + 28. List the prime factors of g(-14).
2, 3, 7
Let v = -12 + 17. What are the prime factors of v?
5
Suppose 68 = 3*u - 67. Let x = u - 20. List the prime factors of ((-30)/x)/(2/(-15)).
3
Suppose -17*a = -16*a - 22. List the prime factors of a.
2, 11
Let f = -20 - -30. List the prime factors of f/(-5) - (2 - 26).
2, 11
Let b(f) = 3*f**2 + 1. Let o be b(1). Suppose 0 = -3*y + o*y - 11. What are the prime factors of y?
11
List the prime factors of (-1)/(-4 - (-172)/44).
11
Suppose 4*g + a + 3*a - 228 = 0, -5*g - a = -305. List the prime factors of g.
2, 31
Let d = 69 - 35. Suppose 4*b - 18 = d. What are the prime factors of b?
13
Suppose f + 5 + 5 = 0. Let c = -6 - f. What are the prime factors of c?
2
Let u(h) = -5*h + 29. List the prime factors of u(-17).
2, 3, 19
Suppose -r - 1 = 3*n, -2*r + n + 0*n = -12. Let d(a) = -a**3 + 5*a**2 - a + 4. Let f be d(r). Let l(g) = 9*g**2 + 1. What are the prime factors of l(f)?
2, 5
Let n(v) be the second derivative of -1/20*v**5 + 2*v + 0 - 3/2*v**2 + 5/12*v**4 + 1/2*v**3. List the prime factors of n(5).
2, 3
Let k be (-1 - -3)*(3 + -1). Suppose -2*x + u = -3*x + 1, k*u = -x - 2. List the prime factors of x.
2
Let m(s) = -s. Let p be m(-4). Suppose 2*a - 3*o = 7, 2*a - p*o - 6 = a. Suppose -j + 18 - a = h, 2*h - 4*j = 8. What are the prime factors of h?
2, 3
Let s be ((-2)/4)/(4/(-8)). Let u be (-2 - s)*4/6. Let k = 8 + u. What are the prime factors of k?
2, 3
Let w(f) = -f + 12. Let m be w(9). Suppose 0 = -q + 20 + m. What are the prime factors of q?
23
Let h(c) = 33*c**2 - c. What are the prime factors of h(1)?
2
Suppose 0*t + 63 = 3*t. What are the prime factors of t?
3, 7
Let f(m) = 11*m**2 + 2*m - 4. Let x be f(2). Suppose -10 = 5*h - 5*b, 3*h + 24 = 5*h + 5*b. Suppose 2*k = -h*k + x. What are the prime factors of k?
11
Suppose 3*k - 4*g - 361 = 0, -g = -k + 157 - 36. What are the prime factors of k?
3, 41
Suppose -3*q - 20 = -7*q. Let k = 68 + 9. Suppose 5*g - 64 = -3*m, 4*g + q*m - k = -18. List the prime factors of g.
11
Suppose 3*l + 172 + 314 = 0. Let p = -89 - l. Suppose -3*r = -5*f - 67, 0 = -5*r + f + 2 + p. List the prime factors of r.
2, 7
Suppose 2*t - 2 = -4. Let w = 7 - t